{"id":42,"date":"2023-04-27T18:17:19","date_gmt":"2023-04-27T16:17:19","guid":{"rendered":"http:\/\/new.fedorowska.pl\/?page_id=42"},"modified":"2025-06-21T12:25:59","modified_gmt":"2025-06-21T10:25:59","slug":"o-mnie","status":"publish","type":"page","link":"https:\/\/new.fedorowska.pl\/index.php\/o-mnie\/","title":{"rendered":"O mnie"},"content":{"rendered":"<p>[et_pb_section fb_built=&#8221;1&#8243; admin_label=&#8221;About us&#8221; _builder_version=&#8221;4.16&#8243; global_colors_info=&#8221;{}&#8221;][et_pb_row column_structure=&#8221;1_2,1_2&#8243; _builder_version=&#8221;4.20.4&#8243; max_width=&#8221;1280px&#8221; use_custom_width=&#8221;on&#8221; custom_width_px=&#8221;1280px&#8221; global_colors_info=&#8221;{}&#8221;][et_pb_column type=&#8221;1_2&#8243; _builder_version=&#8221;4.16&#8243; custom_padding=&#8221;|||&#8221; global_colors_info=&#8221;{}&#8221; custom_padding__hover=&#8221;|||&#8221;][et_pb_text _builder_version=&#8221;4.20.4&#8243; header_font=&#8221;||||||||&#8221; header_2_font=&#8221;|600|||||||&#8221; header_3_font=&#8221;||||||||&#8221; header_4_font=&#8221;Montserrat|700||on|||||&#8221; header_4_text_color=&#8221;#a2aab2&#8243; header_4_font_size=&#8221;15px&#8221; header_4_letter_spacing=&#8221;2px&#8221; header_4_line_height=&#8221;1.6em&#8221; max_width_tablet=&#8221;700px&#8221; max_width_phone=&#8221;700px&#8221; max_width_last_edited=&#8221;off|desktop&#8221; custom_margin=&#8221;|||&#8221; custom_margin_tablet=&#8221;|0px||&#8221; custom_margin_phone=&#8221;|0px||&#8221; custom_margin_last_edited=&#8221;off|desktop&#8221; hover_enabled=&#8221;0&#8243; header_2_font_size_tablet=&#8221;30px&#8221; header_2_font_size_last_edited=&#8221;off|desktop&#8221; locked=&#8221;off&#8221; global_colors_info=&#8221;{}&#8221; sticky_enabled=&#8221;0&#8243;]<\/p>\n<h2>Dorota Fedorowska<\/h2>\n<p>&nbsp;<\/p>\n<p>[\/et_pb_text][et_pb_text _builder_version=&#8221;4.20.4&#8243; text_font=&#8221;||||||||&#8221; text_font_size=&#8221;16px&#8221; text_line_height=&#8221;2em&#8221; header_font=&#8221;||||||||&#8221; header_2_font=&#8221;Montserrat|800|||||||&#8221; header_2_font_size=&#8221;30px&#8221; header_2_line_height=&#8221;1.5em&#8221; header_3_font=&#8221;||||||||&#8221; header_4_font=&#8221;||||||||&#8221; max_width_tablet=&#8221;700px&#8221; max_width_phone=&#8221;700px&#8221; max_width_last_edited=&#8221;off|desktop&#8221; custom_margin=&#8221;|||&#8221; custom_margin_tablet=&#8221;|0px||&#8221; custom_margin_phone=&#8221;|0px||&#8221; custom_margin_last_edited=&#8221;off|desktop&#8221; custom_padding=&#8221;20px|||&#8221; hover_enabled=&#8221;0&#8243; header_2_font_size_tablet=&#8221;30px&#8221; header_2_font_size_phone=&#8221;20px&#8221; header_2_font_size_last_edited=&#8221;on|phone&#8221; border_color_all=&#8221;#12eaa6&#8243; border_width_top=&#8221;2px&#8221; border_color_top=&#8221;#068E4E&#8221; locked=&#8221;off&#8221; global_colors_info=&#8221;{}&#8221; sticky_enabled=&#8221;0&#8243;]<\/p>\n<h2>Sylwetka Mediatora<\/h2>\n<p><strong>Dorota Fedorowska<\/strong>, mgr psychologii, mediator sta\u0142y, wpisany dnia 30 kwietnia 2007 roku, na podstawie art.104 \u00a7 1kpa oraz \u00a7 5 ust. 1 Rozporz\u0105dzenia MS z dnia 13 czerwca 2003 roku w sprawie post\u0119powania mediacyjnego w sprawach karnych, do wykazu instytucji i os\u00f3b godnych zaufania, uprawnionych do przeprowadzania post\u0119powania mediacyjnego w sprawach karnych, prowadzonego przez Prezesa S\u0105du Okr\u0119gowego we Wroc\u0142awiu;<\/p>\n<p><strong>Mediator sta\u0142y<\/strong> z wykazu instytucji i os\u00f3b godnych zaufania, uprawnionych do przeprowadzania post\u0119powania mediacyjnego, prowadzonego przez Prezesa S\u0105du Okr\u0119gowego we Wroc\u0142awiu, prowadzonego zgodnie z Rozporz\u0105dzeniem MS z dnia 18 maja 2001, \u00a77 punkt 1 i 2, w sprawie post\u0119powania mediacyjnego w sprawach nieletnich;<\/p>\n<p><strong>Mediator sta\u0142y ds. cywilnych<\/strong>, w tym rodzinnych, gospodarczych, spo\u0142ecznych.<\/p>\n<p><strong>Trener I stopnia Warsztatu Umiej\u0119tno\u015bci Psychologicznych<\/strong>, rekomendowany przez Polskie Towarzystwo Psychologiczne (PTP); trener I stopnia rekomendowany przez Stowarzyszenie Trener\u00f3w Organizacji Pozarz\u0105dowych (STOP); superwizor mediacji przy Stowarzyszeniu Mediacji Rodzinnych (SMR).<\/p>\n<p>W latach 2007-2009 autorka programu, wyk\u0142adowca oraz kierownik naukowy Studi\u00f3w Podyplomowych &#8222;Mediator&#8221; dla zawodowych mediator\u00f3w przy Wy\u017cszej Szkole Zarz\u0105dzania &#8222;Edukacja&#8221; we Wroc\u0142awiu. Wyk\u0142adowca studi\u00f3w podyplomowych &#8222;Akademia Mediatora&#8221; przy Szkole Wy\u017cszej Psychologii Spo\u0142ecznej (SWPS) we Wroc\u0142awiu. Autorka podr\u0119cznik\u00f3w akademickich z zakresu mediacji: Vademecum Zawodowego Mediatora cz.I i II, Warsztat Pracy Zawodowego Mediatora; Wsp\u00f3\u0142autorka podr\u0119cznika Mediator \u2013 nowe umiej\u0119tno\u015bci i kwalifikacje dla pedagoga i psychologa.<\/p>\n<p>Absolwentka &#8222;Szko\u0142y Trener\u00f3w Biznesu&#8221; przy Polskim Towarzystwie Psychologicznym oraz Zespole Trener\u00f3w &#8222;Sie\u0107&#8221; w Warszawie;<br \/>Autorka i trenerka cyklu szkole\u0144 na terenie Wroc\u0142awia z psychologii komunikacji w ramach wroc\u0142awskiej edycji og\u00f3lnopolskiej akcji &#8222;Kobieta Bezpieczna&#8221;, organizowanej przez Media Group Consulting ze Szczecina, pod patronatem Prezydenta RP.<\/p>\n<ul>\n<li>Prezes Fundacji EDUCO<\/li>\n<li>Cz\u0142onek Stowarzyszenia Mediator\u00f3w Rodzinnych<\/li>\n<li>Cz\u0142onek Krajowego Stowarzyszenia Mediator\u00f3w<\/li>\n<li>Cz\u0142onek Polskiego Towarzystwa Psychologicznego<\/li>\n<li>Cz\u0142onek Stowarzyszenia Trener\u00f3w Organizacji Pozarz\u0105dowych<\/li>\n<\/ul>\n<p>[\/et_pb_text][\/et_pb_column][et_pb_column type=&#8221;1_2&#8243; _builder_version=&#8221;4.20.4&#8243; custom_padding=&#8221;10%||||false|false&#8221; custom_padding_tablet=&#8221;0%|||&#8221; custom_padding_phone=&#8221;0%|||&#8221; custom_padding_last_edited=&#8221;on|desktop&#8221; global_colors_info=&#8221;{}&#8221; padding_tablet=&#8221;0%|||&#8221; padding_last_edited=&#8221;on|desktop&#8221; custom_padding__hover=&#8221;|||&#8221; padding_phone=&#8221;0%|||&#8221;][et_pb_image src=&#8221;http:\/\/new.fedorowska.pl\/wp-content\/uploads\/2025\/06\/B9587798-kopia-scaled.jpg&#8221; title_text=&#8221;B9587798 kopia&#8221; align=&#8221;center&#8221; _builder_version=&#8221;4.20.4&#8243; _module_preset=&#8221;default&#8221; min_height=&#8221;638px&#8221; global_colors_info=&#8221;{}&#8221;][\/et_pb_image][et_pb_text _builder_version=&#8221;4.20.4&#8243; _module_preset=&#8221;default&#8221; text_font=&#8221;||||||||&#8221; text_font_size=&#8221;16px&#8221; text_line_height=&#8221;2em&#8221; header_font=&#8221;||||||||&#8221; header_2_font=&#8221;Montserrat|800|||||||&#8221; header_2_font_size=&#8221;30px&#8221; header_2_line_height=&#8221;1.5em&#8221; header_3_font=&#8221;||||||||&#8221; header_4_font=&#8221;||||||||&#8221; background_color=&#8221;#EFEDF2&#8243; module_alignment=&#8221;left&#8221; custom_margin=&#8221;|||&#8221; custom_padding=&#8221;20px|||29px||&#8221; hover_enabled=&#8221;0&#8243; header_2_font_size_tablet=&#8221;30px&#8221; header_2_font_size_phone=&#8221;20px&#8221; header_2_font_size_last_edited=&#8221;on|phone&#8221; border_color_all=&#8221;#007C34&#8243; border_width_top=&#8221;2px&#8221; border_color_top=&#8221;#068E4E&#8221; global_colors_info=&#8221;{}&#8221; sticky_enabled=&#8221;0&#8243;]<\/p>\n<h2>OPINIE UCZESTNIK\u00d3W MEDIACJI<\/h2>\n<p>&nbsp;<\/p>\n<ul>\n<li>Opinia nr 1<\/li>\n<li>Opinia nr 2<\/li>\n<li>Opinia nr 3<\/li>\n<li>Opinia nr 4<\/li>\n<\/ul>\n<p>[\/et_pb_text][\/et_pb_column][\/et_pb_row][\/et_pb_section][et_pb_section fb_built=&#8221;1&#8243; custom_padding_last_edited=&#8221;off|desktop&#8221; admin_label=&#8221;Statistics&#8221; _builder_version=&#8221;4.16&#8243; background_color=&#8221;#f6f8fa&#8221; custom_padding=&#8221;54px|0px|54px|0px|false|false&#8221; custom_padding_phone=&#8221;50px||50px|&#8221; global_colors_info=&#8221;{}&#8221;][et_pb_row _builder_version=&#8221;4.20.4&#8243; custom_padding=&#8221;27px|0px|0|0px|false|false&#8221; global_colors_info=&#8221;{}&#8221;][et_pb_column type=&#8221;4_4&#8243; _builder_version=&#8221;4.16&#8243; custom_padding=&#8221;|||&#8221; global_colors_info=&#8221;{}&#8221; custom_padding__hover=&#8221;|||&#8221;][et_pb_text _builder_version=&#8221;4.20.4&#8243; _module_preset=&#8221;default&#8221; text_font=&#8221;||||||||&#8221; text_font_size=&#8221;16px&#8221; text_line_height=&#8221;2em&#8221; header_font=&#8221;||||||||&#8221; header_2_font=&#8221;Montserrat|800|||||||&#8221; header_2_font_size=&#8221;30px&#8221; header_2_line_height=&#8221;1.5em&#8221; header_3_font=&#8221;||||||||&#8221; header_4_font=&#8221;||||||||&#8221; custom_margin=&#8221;|||&#8221; custom_padding=&#8221;20px|||&#8221; header_2_font_size_tablet=&#8221;30px&#8221; header_2_font_size_phone=&#8221;20px&#8221; header_2_font_size_last_edited=&#8221;on|phone&#8221; border_color_all=&#8221;#12eaa6&#8243; border_width_top=&#8221;2px&#8221; border_color_top=&#8221;#068E4E&#8221; global_colors_info=&#8221;{}&#8221;]<\/p>\n<h2>Wywiady<\/h2>\n<p>[\/et_pb_text][\/et_pb_column][\/et_pb_row][et_pb_row _builder_version=&#8221;4.20.4&#8243; _module_preset=&#8221;default&#8221; hover_enabled=&#8221;0&#8243; global_colors_info=&#8221;{}&#8221; sticky_enabled=&#8221;0&#8243;][et_pb_column type=&#8221;4_4&#8243; _builder_version=&#8221;4.20.4&#8243; _module_preset=&#8221;default&#8221; global_colors_info=&#8221;{}&#8221;][et_pb_blog fullwidth=&#8221;off&#8221; include_categories=&#8221;10&#8243; show_author=&#8221;off&#8221; show_categories=&#8221;off&#8221; _builder_version=&#8221;4.20.4&#8243; _module_preset=&#8221;default&#8221; hover_enabled=&#8221;0&#8243; border_color_all=&#8221;#007C34&#8243; box_shadow_style=&#8221;preset2&#8243; global_colors_info=&#8221;{}&#8221; border_width_all=&#8221;0px&#8221; sticky_enabled=&#8221;0&#8243; header_line_height=&#8221;1.2em&#8221; header_letter_spacing=&#8221;1px&#8221;][\/et_pb_blog][\/et_pb_column][\/et_pb_row][\/et_pb_section]<\/p>\n","protected":false},"excerpt":{"rendered":"<p>Dorota Fedorowska &nbsp;Sylwetka Mediatora Dorota Fedorowska, mgr psychologii, mediator sta\u0142y, wpisany dnia 30 kwietnia 2007 roku, na podstawie art.104 \u00a7 1kpa oraz \u00a7 5 ust. 1 Rozporz\u0105dzenia MS z dnia 13 czerwca 2003 roku w sprawie post\u0119powania mediacyjnego w sprawach karnych, do wykazu instytucji i os\u00f3b godnych zaufania, uprawnionych do przeprowadzania post\u0119powania mediacyjnego w sprawach [&hellip;]<\/p>\n","protected":false},"author":1,"featured_media":0,"parent":0,"menu_order":0,"comment_status":"closed","ping_status":"closed","template":"","meta":{"_et_pb_use_builder":"on","_et_pb_old_content":"","_et_gb_content_width":"","footnotes":""},"class_list":["post-42","page","type-page","status-publish","hentry"],"_links":{"self":[{"href":"https:\/\/new.fedorowska.pl\/index.php\/wp-json\/wp\/v2\/pages\/42","targetHints":{"allow":["GET"]}}],"collection":[{"href":"https:\/\/new.fedorowska.pl\/index.php\/wp-json\/wp\/v2\/pages"}],"about":[{"href":"https:\/\/new.fedorowska.pl\/index.php\/wp-json\/wp\/v2\/types\/page"}],"author":[{"embeddable":true,"href":"https:\/\/new.fedorowska.pl\/index.php\/wp-json\/wp\/v2\/users\/1"}],"replies":[{"embeddable":true,"href":"https:\/\/new.fedorowska.pl\/index.php\/wp-json\/wp\/v2\/comments?post=42"}],"version-history":[{"count":15,"href":"https:\/\/new.fedorowska.pl\/index.php\/wp-json\/wp\/v2\/pages\/42\/revisions"}],"predecessor-version":[{"id":248,"href":"https:\/\/new.fedorowska.pl\/index.php\/wp-json\/wp\/v2\/pages\/42\/revisions\/248"}],"wp:attachment":[{"href":"https:\/\/new.fedorowska.pl\/index.php\/wp-json\/wp\/v2\/media?parent=42"}],"curies":[{"name":"wp","href":"https:\/\/api.w.org\/{rel}","templated":true}]}}