{"id":332,"date":"2025-06-25T19:16:32","date_gmt":"2025-06-25T17:16:32","guid":{"rendered":"https:\/\/new.fedorowska.pl\/?page_id=332"},"modified":"2025-06-28T12:45:11","modified_gmt":"2025-06-28T10:45:11","slug":"mediacja-a-koszty-sadowe","status":"publish","type":"page","link":"https:\/\/new.fedorowska.pl\/index.php\/mediacja-a-koszty-sadowe\/","title":{"rendered":"Mediacja a koszty s\u0105dowe"},"content":{"rendered":"<p>[et_pb_section fb_built=&#8221;1&#8243; _builder_version=&#8221;4.20.4&#8243; _module_preset=&#8221;default&#8221; background_image=&#8221;http:\/\/new.fedorowska.pl\/wp-content\/uploads\/2025\/06\/wiezowce-scaled.jpg&#8221; background_position=&#8221;top_center&#8221; min_height=&#8221;498px&#8221; min_height_tablet=&#8221;498px&#8221; min_height_phone=&#8221;498px&#8221; min_height_last_edited=&#8221;on|phone&#8221; custom_padding=&#8221;37px||40px|||&#8221; filter_saturate=&#8221;99%&#8221; global_colors_info=&#8221;{}&#8221;][et_pb_row column_structure=&#8221;3_5,2_5&#8243; _builder_version=&#8221;4.20.4&#8243; _module_preset=&#8221;default&#8221; global_colors_info=&#8221;{}&#8221;][et_pb_column type=&#8221;3_5&#8243; _builder_version=&#8221;4.20.4&#8243; _module_preset=&#8221;default&#8221; global_colors_info=&#8221;{}&#8221;][et_pb_text _builder_version=&#8221;4.20.4&#8243; _module_preset=&#8221;default&#8221; text_font_size=&#8221;20px&#8221; header_font=&#8221;|800|||||||&#8221; header_text_color=&#8221;#B37F6E&#8221; header_font_size=&#8221;35px&#8221; custom_padding=&#8221;20px||||false|false&#8221; global_colors_info=&#8221;{}&#8221;]<\/p>\n<h1>Koszty s\u0105dowe mediacji<\/h1>\n<p>&nbsp;<\/p>\n<p>[\/et_pb_text][\/et_pb_column][et_pb_column type=&#8221;2_5&#8243; _builder_version=&#8221;4.20.4&#8243; _module_preset=&#8221;default&#8221; global_colors_info=&#8221;{}&#8221;][et_pb_blurb title=&#8221;Wy\u015blij pytanie do mediatora&#8221; url=&#8221;mailto:mediacje@fedorowska.pl&#8221; use_icon=&#8221;on&#8221; font_icon=&#8221;&#x74;||divi||400&#8243; icon_color=&#8221;#FFFFFF&#8221; _builder_version=&#8221;4.20.4&#8243; _module_preset=&#8221;default&#8221; header_text_align=&#8221;center&#8221; body_text_align=&#8221;center&#8221; background_color=&#8221;#003D03&#8243; use_background_color_gradient=&#8221;on&#8221; background_color_gradient_stops=&#8221;#007c34 0%|#033d03 100%&#8221; image_icon_custom_padding=&#8221;5px||5px||true|false&#8221; background_layout=&#8221;dark&#8221; custom_padding=&#8221;1vw|1vw|1vw|1vw|true|true&#8221; global_colors_info=&#8221;{}&#8221;][\/et_pb_blurb][\/et_pb_column][\/et_pb_row][\/et_pb_section][et_pb_section fb_built=&#8221;1&#8243; _builder_version=&#8221;4.20.4&#8243; _module_preset=&#8221;default&#8221; custom_padding=&#8221;29px|||||&#8221; global_colors_info=&#8221;{}&#8221;][et_pb_row _builder_version=&#8221;4.20.4&#8243; _module_preset=&#8221;default&#8221; global_colors_info=&#8221;{}&#8221;][et_pb_column type=&#8221;4_4&#8243; _builder_version=&#8221;4.20.4&#8243; _module_preset=&#8221;default&#8221; global_colors_info=&#8221;{}&#8221;][et_pb_text module_id=&#8221;pytaniaogolne&#8221; _builder_version=&#8221;4.20.4&#8243; _module_preset=&#8221;default&#8221; header_2_text_color=&#8221;#B37F6E&#8221; header_2_font_size=&#8221;35px&#8221; global_colors_info=&#8221;{}&#8221;]<\/p>\n<h2 style=\"text-align: center;\">Koszty s\u0105dowe mediacji<\/h2>\n<p>[\/et_pb_text][\/et_pb_column][\/et_pb_row][et_pb_row _builder_version=&#8221;4.20.4&#8243; _module_preset=&#8221;default&#8221; global_colors_info=&#8221;{}&#8221;][et_pb_column type=&#8221;4_4&#8243; _builder_version=&#8221;4.20.4&#8243; _module_preset=&#8221;default&#8221; global_colors_info=&#8221;{}&#8221;][et_pb_accordion _builder_version=&#8221;4.20.4&#8243; _module_preset=&#8221;default&#8221; toggle_text_color=&#8221;#007C34&#8243; toggle_font=&#8221;|600|||||||&#8221; toggle_line_height=&#8221;1.3em&#8221; global_colors_info=&#8221;{}&#8221;][et_pb_accordion_item title=&#8221;Zap\u0142aci\u0142em w s\u0105dzie wysokie wpisowe i czekam od paru miesi\u0119cy na rozpraw\u0119. To stanowczo za d\u0142ugo. Dlatego poszukuj\u0119 innego rozwi\u0105zania, gdy\u017c s\u0142ysza\u0142em \u017ce mediacja jest mo\u017cliwa w kr\u00f3tkim czasie i nie ponosi si\u0119 wysokich koszt\u00f3w. Czy strac\u0119 pieni\u0105dze, kt\u00f3re wp\u0142aci\u0142em w s\u0105dzie, je\u015bli podejm\u0119 si\u0119 mediacji?&#8221; open=&#8221;on&#8221; _builder_version=&#8221;4.20.4&#8243; _module_preset=&#8221;default&#8221; global_colors_info=&#8221;{}&#8221;]<\/p>\n<p>Ka\u017cda ze stron mo\u017ce w procesie s\u0105dowym wystosowa\u0107 pismo z pro\u015bb\u0105 o skierowanie sprawy do mediacji. S\u0105d zapyta wtedy r\u00f3wnie\u017c drug\u0105 stron\u0119 o zgod\u0119. Je\u017celi w ci\u0105gu 7 dni od skierowania sprawy do mediacji \u017cadna ze stron si\u0119 nie wycofa, mo\u017cna podj\u0105\u0107 si\u0119 mediacji, kt\u00f3ra w przypadku zako\u0144czenia si\u0119 ugod\u0105, obliguje s\u0105d do zwrotu 100% kwoty wpisowej, pomniejszonej o 30 z\u0142.<\/p>\n<p>[\/et_pb_accordion_item][et_pb_accordion_item title=&#8221;Co jest korzystniejsze finansowo: proces s\u0105dowy czy mediacja?&#8221; _builder_version=&#8221;4.20.4&#8243; _module_preset=&#8221;default&#8221; global_colors_info=&#8221;{}&#8221; open=&#8221;off&#8221;]<\/p>\n<p><strong>Na koszta s\u0105dowe sk\u0142adaj\u0105 si\u0119: <\/strong><\/p>\n<p>wpisowe, wszelkie ekspertyzy, koszt adwokat\u00f3w, czas oraz zdrowie.<\/p>\n<p>Uczestnicy proces\u00f3w s\u0105dowych wiedz\u0105, jak wysokie ponosz\u0105 koszta z powodu stresu, przewlek\u0142ych post\u0119powa\u0144 i wydatk\u00f3w. Warto zatem pozna\u0107 zalety mediacji:<\/p>\n<p><strong>Oszcz\u0119dno\u015b\u0107 czasu.<\/strong> Post\u0119powanie mediacyjne umo\u017cliwia stronom wypracowanie porozumienia w ci\u0105gu 30 dni czy 3-ch miesi\u0119cy (tyle czasu przeznacza na nie s\u0105d, chyba, \u017ce strony poprosz\u0105 s\u0105d o wyd\u0142u\u017cenie tego okresu). Zatem dzi\u0119ki mediacji przy prostych sprawach rozwi\u0105zanie mo\u017ce nast\u0105pi\u0107 w ci\u0105gu 1 dnia czy 4 tygodni, a nie wielu miesi\u0119cy czy lat.<\/p>\n<p><strong>Oszcz\u0119dno\u015b\u0107 pieni\u0119dzy.<\/strong> Mediacja nie wymaga obecno\u015bci adwokat\u00f3w, gdy\u017c mediator dba o zachowanie r\u00f3wnowagi stron. Podczas mediacji nikt nikogo nie ocenia. Nadal jednak strony maj\u0105 prawo na ka\u017cdym etapie mediacji korzystania z porad swoich adwokat\u00f3w.<br \/>W praktyce rzadko wyst\u0119puje taka potrzeba, a dochodzi jedynie do pojedynczych konsultacji wyja\u015bniaj\u0105cych prawne aspekty decyzji.<\/p>\n<p>Mediacja nie wymaga korzystania z us\u0142ug ekspert\u00f3w, rzeczoznawc\u00f3w maj\u0105tkowych, czy wycen innego typu, je\u015bli strony s\u0105 w stanie ustali\u0107 wsp\u00f3lnie \u015bredni\u0105 warto\u015b\u0107 rynkow\u0105 przedmiotu sporu.<\/p>\n<p>Ponadto S\u0105d zwraca 100% uiszczonej wp\u0142aty wpisowej pomniejszonej o 30 z\u0142, je\u017celi w post\u0119powaniu mediacyjnym zostanie zawarta ugoda np. je\u015bli wpis do S\u0105du wyni\u00f3s\u0142 10\u00a0000 z\u0142, to S\u0105d zwr\u00f3ci 9\u00a0970 z\u0142 wnioskodawcy\/powodowi.<\/p>\n<p><strong>Oszcz\u0119dno\u015b\u0107 czasu i zdrowia.<\/strong> Mediacja nie wymaga osobistego stawiennictwa, je\u017celi obie strony wyra\u017c\u0105 na to zgod\u0119. Procedura mo\u017ce si\u0119 wtedy odbywa\u0107 za pomoc\u0105 Internetu, telefonu itp. Sprzyja to oszcz\u0119dno\u015bci czasu i zdrowia, je\u015bli strony bardzo anga\u017cuj\u0105 si\u0119 emocjonalnie w konflikt. <\/p>\n<p><strong>Korzy\u015b\u0107 biznesowa, rodzinna.<\/strong> Wsp\u00f3lne wypracowanie ugody daje stronom konfliktu wi\u0119ksz\u0105 satysfakcj\u0119 osobist\u0105, psychologiczn\u0105, rokuj\u0105c na przysz\u0142o\u015b\u0107 lepsz\u0105 jako\u015bci\u0105 kontakt\u00f3w, je\u015bli z przyczyn rodzinnych czy biznesowych b\u0119d\u0105 niezb\u0119dne.<\/p>\n<p><strong>Poczucie satysfakcji, poprawa relacji w przysz\u0142o\u015bci.<\/strong> Wypracowanie przez strony wsp\u00f3lnej ugody ma charakter wygrany\/wygrany, a nie jak cz\u0119sto ma to miejsce w wyniku rozprawy s\u0105dowej: wygrany\/przegrany lub przegrany\/przegrany.<br \/>Wygrana dotyczy nie tylko d\u00f3br b\u0119d\u0105cych podstaw\u0105 konfliktu, ale te\u017c osobistej satysfakcji, jak\u0105 zyskuj\u0105 strony dochodz\u0105ce razem do porozumienia. Wygrana dotyczy podniesienia wzajemnego szacunku, zrozumienia wzajemnych potrzeb oraz zwi\u0119ksza szanse na konstruktywny kontakt w przysz\u0142o\u015bci np. dalsz\u0105 wsp\u00f3\u0142prac\u0119 kontrahent\u00f3w itp.<\/p>\n<p><strong>Zachowanie wp\u0142ywu na bieg w\u0142asnych spraw, niezale\u017cno\u015b\u0107.<\/strong> Podczas mediacji strony zachowuj\u0105 prawo decydowania o jej wyniku! Mediacja umo\u017cliwia poczucie osobistego wp\u0142ywu na bieg zdarze\u0144 i zapadaj\u0105ce decyzje.<\/p>\n<p>Nale\u017cy podkre\u015bli\u0107, \u017ce opr\u00f3cz oszcz\u0119dno\u015bci i korzy\u015bci, ugoda zawarta dzi\u0119ki mediacji zapewnia tak\u017ce pe\u0142n\u0105 ochron\u0119 prawn\u0105 stronom w niej bior\u0105cym udzia\u0142. Po zatwierdzeniu przez s\u0105d, nabywa ona mocy prawnej ugody zawartej przed s\u0105dem. Dzi\u0119ki temu strony zyskuj\u0105 dost\u0119p do szybkiej i taniej ochrony prawnej.<\/p>\n<p>[\/et_pb_accordion_item][et_pb_accordion_item title=&#8221;Jak sprawdzi\u0107 czy mnie sta\u0107 na mediacj\u0119 i czy mi si\u0119 to op\u0142aca?&#8221; _builder_version=&#8221;4.20.4&#8243; _module_preset=&#8221;default&#8221; global_colors_info=&#8221;{}&#8221; open=&#8221;off&#8221;]<\/p>\n<p>Najprostsz\u0105 metod\u0105 jest nawi\u0105zanie kontaktu ze swoim mediatorem i zadanie mu pytania o potencjalne koszta w danej sprawie. Mediator mo\u017ce te\u017c pom\u00f3c w ustaleniu koszt\u00f3w wpisowego. Koszt us\u0142ugi adwokackiej poda potencjalny obro\u0144ca, za\u015b koszt ekspertyz ustalimy z rzeczoznawcami maj\u0105tkowymi itp. Praktyka pokazuje, \u017ce mediacja prawie zawsze si\u0119 op\u0142aca.<\/p>\n<p>Mediator pomaga w nawi\u0105zaniu kontaktu z drug\u0105 stron\u0105, wyja\u015bnia ide\u0119 mediacji i stara si\u0119 j\u0105 zach\u0119ci\u0107 do udzia\u0142u. Zwykle w efekcie rozm\u00f3w nawet osoby oporne i pe\u0142ne w\u0105tpliwo\u015bci, ostatecznie podejmuj\u0105 t\u0119 pr\u00f3b\u0119. Je\u015bli, mimo zach\u0119ty, druga strona nie wyrazi zgody na mediacj\u0119, to pozostaje proces s\u0105dowy.<\/p>\n<p>Mediacja gospodarcza jest najta\u0144sz\u0105, najszybsz\u0105 form\u0105 rozwi\u0105zywania konflikt\u00f3w mi\u0119dzy przedsi\u0119biorstwami. Wskazuj\u0105 na to proste kalkulacje cenowe i czas, jaki po\u015bwi\u0119ca si\u0119 mediacji (\u015brednio 3-6 dni, mo\u017cliwe roz\u0142o\u017cenie spotka\u0144 w czasie do 1-3 miesi\u0119cy) i procesowi s\u0105dowemu (\u015brednio: 3 i wi\u0119cej lat).<\/p>\n<p><u>W przypadku mediacji prowadzonych na zlecenie S\u0105du stawki wynikaj\u0105 z Rozp. Min. Sprawiedliwo\u015bci z dnia 20 czerwca 2016 r.:<\/u><\/p>\n<p>&#8211; koszt mediacji z okre\u015blon\u0105 warto\u015bci\u0105 przedmiotu sporu wynosi od 150 z\u0142 do 2000 z\u0142<\/p>\n<p>&#8211; koszt mediacji niemaj\u0105tkowych wynosi za I posiedzenie 150 z\u0142, za II i kolejne 100 z\u0142<\/p>\n<p>&#8211; do koszt\u00f3w nale\u017cy doliczy\u0107 wynajem pomieszczenia na mediacj\u0119 70 z\u0142 za ka\u017cde posiedzenie, koszt administracyjny 30 z\u0142, koszt dojazd\u00f3w, 23% vat, je\u015bli mediator jest p\u0142atnikiem podatku od towar\u00f3w i us\u0142ug<\/p>\n<p>W przypadku zawarcia ugody mediacyjnej przed pierwsz\u0105 rozpraw\u0105, S\u0105d zwraca 100% op\u0142aty wpisowej, kt\u00f3ra przy du\u017cych kwotach mo\u017ce wynie\u015b\u0107 do 200\u00a0000 z\u0142, pomniejszon\u0105 o 30 z\u0142.<\/p>\n<p>&nbsp;<\/p>\n<p><u>Do koszt\u00f3w post\u0119powania w s\u0105dzie nale\u017cy<\/u> doliczy\u0107:<\/p>\n<p>&#8211; op\u0142at\u0119 wpisow\u0105, kt\u00f3ra wynosi 5% warto\u015bci przedmiotu sporu,<\/p>\n<p>&#8211; koszt bieg\u0142ych s\u0105dowych, powo\u0142anych przez S\u0105d (\u015brednio 10 ty\u015b, ale te\u017c kwoty du\u017co wy\u017csze)<\/p>\n<p>&#8211; koszt zast\u0119pstwa procesowego (pe\u0142nomocnik\u00f3w)<\/p>\n<p>&nbsp;<\/p>\n<p><u>W przypadku b\u0142yskawicznych mediacji na wniosek stron, nie wymagaj\u0105cych pisania pism do S\u0105du i czekania na Zlecenie S\u0105du<\/u>:<\/p>\n<p>&#8211; obowi\u0105zuj\u0105 stawki wolnorynkowe, najcz\u0119\u015bciej rycza\u0142towe za dane post\u0119powanie<\/p>\n<p>[\/et_pb_accordion_item][\/et_pb_accordion][\/et_pb_column][\/et_pb_row][et_pb_row _builder_version=&#8221;4.20.4&#8243; _module_preset=&#8221;default&#8221; global_colors_info=&#8221;{}&#8221;][et_pb_column type=&#8221;4_4&#8243; _builder_version=&#8221;4.20.4&#8243; _module_preset=&#8221;default&#8221; global_colors_info=&#8221;{}&#8221;][et_pb_button button_text=&#8221;WNIOSEK O MEDIACJ\u0118&#8221; button_alignment=&#8221;center&#8221; _builder_version=&#8221;4.20.4&#8243; custom_button=&#8221;on&#8221; button_text_size=&#8221;15px&#8221; button_text_color=&#8221;#FFFFFF&#8221; button_bg_color=&#8221;#003D03&#8243; button_border_width=&#8221;0px&#8221; button_border_radius=&#8221;0px&#8221; button_letter_spacing=&#8221;2px&#8221; button_font=&#8221;Open Sans|700||on|||||&#8221; button_icon=&#8221;&#x24;||divi||400&#8243; button_icon_color=&#8221;#FFFFFF&#8221; background_layout=&#8221;dark&#8221; custom_margin=&#8221;||||true&#8221; custom_padding=&#8221;16px|32px|16px|32px|true|true&#8221; button_letter_spacing_hover=&#8221;2px&#8221; button_bg_color_hover=&#8221;#00e2c4&#8243; global_colors_info=&#8221;{}&#8221; button_text_size__hover_enabled=&#8221;off&#8221; button_one_text_size__hover_enabled=&#8221;off&#8221; button_two_text_size__hover_enabled=&#8221;off&#8221; button_text_color__hover_enabled=&#8221;off&#8221; button_one_text_color__hover_enabled=&#8221;off&#8221; button_two_text_color__hover_enabled=&#8221;off&#8221; button_border_width__hover_enabled=&#8221;off&#8221; button_one_border_width__hover_enabled=&#8221;off&#8221; button_two_border_width__hover_enabled=&#8221;off&#8221; button_border_color__hover_enabled=&#8221;off&#8221; button_one_border_color__hover_enabled=&#8221;off&#8221; button_two_border_color__hover_enabled=&#8221;off&#8221; button_border_radius__hover_enabled=&#8221;off&#8221; button_one_border_radius__hover_enabled=&#8221;off&#8221; button_two_border_radius__hover_enabled=&#8221;off&#8221; button_letter_spacing__hover_enabled=&#8221;on&#8221; button_letter_spacing__hover=&#8221;2px&#8221; button_one_letter_spacing__hover_enabled=&#8221;off&#8221; button_two_letter_spacing__hover_enabled=&#8221;off&#8221; button_bg_color__hover_enabled=&#8221;on|desktop&#8221; button_bg_color__hover=&#8221;#00A331&#8243; button_one_bg_color__hover_enabled=&#8221;off&#8221; button_two_bg_color__hover_enabled=&#8221;off&#8221; button_bg_enable_color__hover=&#8221;on&#8221;][\/et_pb_button][\/et_pb_column][\/et_pb_row][\/et_pb_section][et_pb_section fb_built=&#8221;1&#8243; _builder_version=&#8221;4.20.4&#8243; _module_preset=&#8221;default&#8221; background_color=&#8221;#003D03&#8243; use_background_color_gradient=&#8221;on&#8221; background_color_gradient_direction=&#8221;90deg&#8221; background_color_gradient_stops=&#8221;#d0e7aa 0%|#007c34 22%|#033d03 52%&#8221; border_width_bottom=&#8221;2px&#8221; border_color_bottom=&#8221;#FFFFFF&#8221; global_colors_info=&#8221;{}&#8221; theme_builder_area=&#8221;post_content&#8221;][et_pb_row column_structure=&#8221;1_4,1_4,1_4,1_4&#8243; use_custom_gutter=&#8221;on&#8221; gutter_width=&#8221;2&#8243; make_equal=&#8221;on&#8221; _builder_version=&#8221;4.20.4&#8243; _module_preset=&#8221;default&#8221; global_colors_info=&#8221;{}&#8221; theme_builder_area=&#8221;post_content&#8221;][et_pb_column type=&#8221;1_4&#8243; _builder_version=&#8221;4.20.4&#8243; _module_preset=&#8221;default&#8221; border_width_all=&#8221;2px&#8221; border_color_all=&#8221;#A9834F&#8221; global_colors_info=&#8221;{}&#8221; theme_builder_area=&#8221;post_content&#8221;][et_pb_blurb title=&#8221;MEDIACJE A PYTANIA OG\u00d3LNE&#8221; url=&#8221;#pytaniaogolne&#8221; use_icon=&#8221;on&#8221; font_icon=&#8221;&#xe102;||divi||400&#8243; icon_color=&#8221;#A9834F&#8221; image_icon_width=&#8221;61px&#8221; _builder_version=&#8221;4.20.4&#8243; _module_preset=&#8221;default&#8221; header_text_color=&#8221;#A9834F&#8221; body_text_color=&#8221;#FFFFFF&#8221; image_icon_custom_margin=&#8221;10px|10px|10px|10px|false|false&#8221; custom_padding=&#8221;20px|20px|20px|20px|true|true&#8221; global_colors_info=&#8221;{}&#8221; theme_builder_area=&#8221;post_content&#8221;][\/et_pb_blurb][\/et_pb_column][et_pb_column type=&#8221;1_4&#8243; _builder_version=&#8221;4.20.4&#8243; _module_preset=&#8221;default&#8221; border_width_all=&#8221;2px&#8221; border_color_all=&#8221;#A9834F&#8221; global_colors_info=&#8221;{}&#8221; theme_builder_area=&#8221;post_content&#8221;][et_pb_blurb title=&#8221;MEDIACJE A PODZIA\u0141 MAJ\u0104TKU&#8221; use_icon=&#8221;on&#8221; font_icon=&#8221;&#xf4c0;||fa||900&#8243; icon_color=&#8221;#A9834F&#8221; image_icon_width=&#8221;61px&#8221; _builder_version=&#8221;4.20.4&#8243; _module_preset=&#8221;default&#8221; header_text_color=&#8221;#A9834F&#8221; body_text_color=&#8221;#FFFFFF&#8221; image_icon_custom_margin=&#8221;10px|10px|10px|10px|false|false&#8221; custom_padding=&#8221;20px|20px|20px|20px|true|true&#8221; global_colors_info=&#8221;{}&#8221; theme_builder_area=&#8221;post_content&#8221;][\/et_pb_blurb][\/et_pb_column][et_pb_column type=&#8221;1_4&#8243; _builder_version=&#8221;4.20.4&#8243; _module_preset=&#8221;default&#8221; border_width_all=&#8221;2px&#8221; border_color_all=&#8221;#A9834F&#8221; global_colors_info=&#8221;{}&#8221; theme_builder_area=&#8221;post_content&#8221;][et_pb_blurb title=&#8221;MEDIACJE A SPRAWY RODZINNE&#8221; use_icon=&#8221;on&#8221; font_icon=&#8221;&#xf0c0;||fa||900&#8243; icon_color=&#8221;#A9834F&#8221; image_icon_width=&#8221;61px&#8221; _builder_version=&#8221;4.20.4&#8243; _module_preset=&#8221;default&#8221; header_text_color=&#8221;#A9834F&#8221; body_text_color=&#8221;#FFFFFF&#8221; image_icon_custom_margin=&#8221;10px|10px|10px|10px|false|false&#8221; custom_padding=&#8221;20px|20px|20px|20px|true|true&#8221; global_colors_info=&#8221;{}&#8221; theme_builder_area=&#8221;post_content&#8221;][\/et_pb_blurb][\/et_pb_column][et_pb_column type=&#8221;1_4&#8243; _builder_version=&#8221;4.20.4&#8243; _module_preset=&#8221;default&#8221; border_width_all=&#8221;2px&#8221; border_color_all=&#8221;#A9834F&#8221; global_colors_info=&#8221;{}&#8221; theme_builder_area=&#8221;post_content&#8221;][et_pb_blurb title=&#8221;MEDIACJE A SPORY GOSPODARCZE&#8221; use_icon=&#8221;on&#8221; font_icon=&#8221;&#xf275;||fa||900&#8243; icon_color=&#8221;#A9834F&#8221; image_icon_width=&#8221;61px&#8221; _builder_version=&#8221;4.20.4&#8243; _module_preset=&#8221;default&#8221; header_text_color=&#8221;#A9834F&#8221; body_text_color=&#8221;#FFFFFF&#8221; image_icon_custom_margin=&#8221;10px|10px|10px|10px|false|false&#8221; custom_padding=&#8221;20px|20px|20px|20px|true|true&#8221; global_colors_info=&#8221;{}&#8221; theme_builder_area=&#8221;post_content&#8221;][\/et_pb_blurb][\/et_pb_column][\/et_pb_row][et_pb_row column_structure=&#8221;1_4,1_4,1_4,1_4&#8243; use_custom_gutter=&#8221;on&#8221; gutter_width=&#8221;2&#8243; make_equal=&#8221;on&#8221; _builder_version=&#8221;4.20.4&#8243; _module_preset=&#8221;default&#8221; global_colors_info=&#8221;{}&#8221; theme_builder_area=&#8221;post_content&#8221;][et_pb_column type=&#8221;1_4&#8243; _builder_version=&#8221;4.20.4&#8243; _module_preset=&#8221;default&#8221; border_width_all=&#8221;2px&#8221; border_color_all=&#8221;#A9834F&#8221; global_colors_info=&#8221;{}&#8221; theme_builder_area=&#8221;post_content&#8221;][et_pb_blurb title=&#8221;MEDIACJA A WINDYKACJA NALE\u017bNO\u015aCI&#8221; use_icon=&#8221;on&#8221; font_icon=&#8221;&#xe100;||divi||400&#8243; icon_color=&#8221;#A9834F&#8221; image_icon_width=&#8221;61px&#8221; _builder_version=&#8221;4.20.4&#8243; _module_preset=&#8221;default&#8221; header_text_color=&#8221;#A9834F&#8221; body_text_color=&#8221;#FFFFFF&#8221; image_icon_custom_margin=&#8221;10px|10px|10px|10px|false|false&#8221; custom_padding=&#8221;20px|20px|20px|20px|true|true&#8221; global_colors_info=&#8221;{}&#8221; theme_builder_area=&#8221;post_content&#8221;][\/et_pb_blurb][\/et_pb_column][et_pb_column type=&#8221;1_4&#8243; _builder_version=&#8221;4.20.4&#8243; _module_preset=&#8221;default&#8221; border_width_all=&#8221;2px&#8221; border_color_all=&#8221;#A9834F&#8221; global_colors_info=&#8221;{}&#8221; theme_builder_area=&#8221;post_content&#8221;][et_pb_blurb title=&#8221;MEDIACJE A WIELKIE KORPORACJE&#8221; use_icon=&#8221;on&#8221; font_icon=&#8221;&#xe0ef;||divi||400&#8243; icon_color=&#8221;#A9834F&#8221; image_icon_width=&#8221;61px&#8221; _builder_version=&#8221;4.20.4&#8243; _module_preset=&#8221;default&#8221; header_text_color=&#8221;#A9834F&#8221; body_text_color=&#8221;#FFFFFF&#8221; image_icon_custom_margin=&#8221;10px|10px|10px|10px|false|false&#8221; custom_padding=&#8221;20px|20px|20px|20px|true|true&#8221; global_colors_info=&#8221;{}&#8221; theme_builder_area=&#8221;post_content&#8221;][\/et_pb_blurb][\/et_pb_column][et_pb_column type=&#8221;1_4&#8243; _builder_version=&#8221;4.20.4&#8243; _module_preset=&#8221;default&#8221; border_width_all=&#8221;2px&#8221; border_color_all=&#8221;#A9834F&#8221; global_colors_info=&#8221;{}&#8221; theme_builder_area=&#8221;post_content&#8221;][et_pb_blurb title=&#8221;MEDIACJE A KOSZTY S\u0104DOWE&#8221; use_icon=&#8221;on&#8221; font_icon=&#8221;&#xe0ed;||divi||400&#8243; icon_color=&#8221;#A9834F&#8221; image_icon_width=&#8221;61px&#8221; _builder_version=&#8221;4.20.4&#8243; _module_preset=&#8221;default&#8221; header_text_color=&#8221;#A9834F&#8221; body_text_color=&#8221;#FFFFFF&#8221; image_icon_custom_margin=&#8221;10px|10px|10px|10px|false|false&#8221; custom_padding=&#8221;20px|20px|20px|20px|true|true&#8221; global_colors_info=&#8221;{}&#8221; theme_builder_area=&#8221;post_content&#8221;][\/et_pb_blurb][\/et_pb_column][et_pb_column type=&#8221;1_4&#8243; _builder_version=&#8221;4.20.4&#8243; _module_preset=&#8221;default&#8221; border_width_all=&#8221;2px&#8221; border_color_all=&#8221;#A9834F&#8221; global_colors_info=&#8221;{}&#8221; theme_builder_area=&#8221;post_content&#8221;][et_pb_blurb title=&#8221;MEDIACJE A SPRAWY KARNE&#8221; use_icon=&#8221;on&#8221; font_icon=&#8221;&#xf0e3;||fa||900&#8243; icon_color=&#8221;#A9834F&#8221; image_icon_width=&#8221;61px&#8221; _builder_version=&#8221;4.20.4&#8243; _module_preset=&#8221;default&#8221; header_text_color=&#8221;#A9834F&#8221; body_text_color=&#8221;#FFFFFF&#8221; image_icon_custom_margin=&#8221;10px|10px|10px|10px|false|false&#8221; custom_padding=&#8221;20px|20px|20px|20px|true|true&#8221; global_colors_info=&#8221;{}&#8221; theme_builder_area=&#8221;post_content&#8221;][\/et_pb_blurb][\/et_pb_column][\/et_pb_row][\/et_pb_section]<\/p>\n","protected":false},"excerpt":{"rendered":"<p>Koszty s\u0105dowe mediacji &nbsp;Koszty s\u0105dowe mediacjiKa\u017cda ze stron mo\u017ce w procesie s\u0105dowym wystosowa\u0107 pismo z pro\u015bb\u0105 o skierowanie sprawy do mediacji. S\u0105d zapyta wtedy r\u00f3wnie\u017c drug\u0105 stron\u0119 o zgod\u0119. Je\u017celi w ci\u0105gu 7 dni od skierowania sprawy do mediacji \u017cadna ze stron si\u0119 nie wycofa, mo\u017cna podj\u0105\u0107 si\u0119 mediacji, kt\u00f3ra w przypadku zako\u0144czenia si\u0119 ugod\u0105, [&hellip;]<\/p>\n","protected":false},"author":1,"featured_media":0,"parent":0,"menu_order":0,"comment_status":"closed","ping_status":"closed","template":"","meta":{"_et_pb_use_builder":"on","_et_pb_old_content":"<!-- wp:divi\/placeholder \/-->","_et_gb_content_width":"","footnotes":""},"class_list":["post-332","page","type-page","status-publish","hentry"],"_links":{"self":[{"href":"https:\/\/new.fedorowska.pl\/index.php\/wp-json\/wp\/v2\/pages\/332","targetHints":{"allow":["GET"]}}],"collection":[{"href":"https:\/\/new.fedorowska.pl\/index.php\/wp-json\/wp\/v2\/pages"}],"about":[{"href":"https:\/\/new.fedorowska.pl\/index.php\/wp-json\/wp\/v2\/types\/page"}],"author":[{"embeddable":true,"href":"https:\/\/new.fedorowska.pl\/index.php\/wp-json\/wp\/v2\/users\/1"}],"replies":[{"embeddable":true,"href":"https:\/\/new.fedorowska.pl\/index.php\/wp-json\/wp\/v2\/comments?post=332"}],"version-history":[{"count":4,"href":"https:\/\/new.fedorowska.pl\/index.php\/wp-json\/wp\/v2\/pages\/332\/revisions"}],"predecessor-version":[{"id":413,"href":"https:\/\/new.fedorowska.pl\/index.php\/wp-json\/wp\/v2\/pages\/332\/revisions\/413"}],"wp:attachment":[{"href":"https:\/\/new.fedorowska.pl\/index.php\/wp-json\/wp\/v2\/media?parent=332"}],"curies":[{"name":"wp","href":"https:\/\/api.w.org\/{rel}","templated":true}]}}