{"id":173,"date":"2023-08-06T15:12:01","date_gmt":"2023-08-06T13:12:01","guid":{"rendered":"https:\/\/new.fedorowska.pl\/?page_id=173"},"modified":"2025-06-28T12:42:29","modified_gmt":"2025-06-28T10:42:29","slug":"mediacje-a-podzial-majatku","status":"publish","type":"page","link":"https:\/\/new.fedorowska.pl\/index.php\/mediacje-a-podzial-majatku\/","title":{"rendered":"Mediacje a podzia\u0142 maj\u0105tku"},"content":{"rendered":"<p>[et_pb_section fb_built=&#8221;1&#8243; _builder_version=&#8221;4.20.4&#8243; _module_preset=&#8221;default&#8221; use_background_color_gradient=&#8221;on&#8221; background_color_gradient_stops=&#8221;#ffffff 1%|rgba(255,255,255,0.11) 56%&#8221; background_color_gradient_overlays_image=&#8221;on&#8221; background_image=&#8221;http:\/\/new.fedorowska.pl\/wp-content\/uploads\/2023\/05\/AdobeStock_314854060-scaled.jpeg&#8221; background_position=&#8221;top_center&#8221; min_height=&#8221;498px&#8221; min_height_tablet=&#8221;498px&#8221; min_height_phone=&#8221;498px&#8221; min_height_last_edited=&#8221;on|phone&#8221; custom_padding=&#8221;37px||40px|||&#8221; global_colors_info=&#8221;{}&#8221;][et_pb_row column_structure=&#8221;3_5,2_5&#8243; _builder_version=&#8221;4.20.4&#8243; _module_preset=&#8221;default&#8221; global_colors_info=&#8221;{}&#8221;][et_pb_column type=&#8221;3_5&#8243; _builder_version=&#8221;4.20.4&#8243; _module_preset=&#8221;default&#8221; global_colors_info=&#8221;{}&#8221;][et_pb_text _builder_version=&#8221;4.20.4&#8243; _module_preset=&#8221;default&#8221; header_font=&#8221;|800|||||||&#8221; header_text_color=&#8221;#007C34&#8243; header_font_size=&#8221;35px&#8221; custom_padding=&#8221;20px||||false|false&#8221; hover_enabled=&#8221;0&#8243; global_colors_info=&#8221;{}&#8221; sticky_enabled=&#8221;0&#8243;]<\/p>\n<h1>Mediacja przy podziale maj\u0105tku<\/h1>\n<p>[\/et_pb_text][\/et_pb_column][et_pb_column type=&#8221;2_5&#8243; _builder_version=&#8221;4.20.4&#8243; _module_preset=&#8221;default&#8221; global_colors_info=&#8221;{}&#8221;][et_pb_blurb title=&#8221;Wy\u015blij pytanie do mediatora&#8221; url=&#8221;mailto:mediacje@fedorowska.pl&#8221; use_icon=&#8221;on&#8221; font_icon=&#8221;&#x74;||divi||400&#8243; icon_color=&#8221;#FFFFFF&#8221; _builder_version=&#8221;4.20.4&#8243; _module_preset=&#8221;default&#8221; header_text_align=&#8221;center&#8221; body_text_align=&#8221;center&#8221; background_color=&#8221;#003D03&#8243; use_background_color_gradient=&#8221;on&#8221; background_color_gradient_stops=&#8221;#007c34 0%|#033d03 100%&#8221; image_icon_custom_padding=&#8221;5px||5px||true|false&#8221; background_layout=&#8221;dark&#8221; custom_padding=&#8221;1vw|1vw|1vw|1vw|true|true&#8221; global_colors_info=&#8221;{}&#8221;][\/et_pb_blurb][\/et_pb_column][\/et_pb_row][\/et_pb_section][et_pb_section fb_built=&#8221;1&#8243; _builder_version=&#8221;4.20.4&#8243; _module_preset=&#8221;default&#8221; custom_padding=&#8221;29px|||||&#8221; global_colors_info=&#8221;{}&#8221;][et_pb_row _builder_version=&#8221;4.20.4&#8243; _module_preset=&#8221;default&#8221; global_colors_info=&#8221;{}&#8221;][et_pb_column type=&#8221;4_4&#8243; _builder_version=&#8221;4.20.4&#8243; _module_preset=&#8221;default&#8221; global_colors_info=&#8221;{}&#8221;][et_pb_text module_id=&#8221;pytaniaogolne&#8221; _builder_version=&#8221;4.20.4&#8243; _module_preset=&#8221;default&#8221; header_2_text_color=&#8221;#007C34&#8243; header_2_font_size=&#8221;35px&#8221; global_colors_info=&#8221;{}&#8221;]<\/p>\n<h2 style=\"text-align: center;\">Mediacja przy podziale maj\u0105tku:<\/h2>\n<p>[\/et_pb_text][\/et_pb_column][\/et_pb_row][et_pb_row _builder_version=&#8221;4.20.4&#8243; _module_preset=&#8221;default&#8221; global_colors_info=&#8221;{}&#8221;][et_pb_column type=&#8221;4_4&#8243; _builder_version=&#8221;4.20.4&#8243; _module_preset=&#8221;default&#8221; global_colors_info=&#8221;{}&#8221;][et_pb_accordion open_toggle_text_color=&#8221;#007C34&#8243; open_toggle_background_color=&#8221;#FFFFFF&#8221; closed_toggle_text_color=&#8221;#007C34&#8243; closed_toggle_background_color=&#8221;#f4f3f2&#8243; _builder_version=&#8221;4.20.4&#8243; _module_preset=&#8221;default&#8221; toggle_level=&#8221;h2&#8243; toggle_font_size=&#8221;18px&#8221; closed_toggle_line_height=&#8221;1.4em&#8221; hover_enabled=&#8221;0&#8243; border_color_all=&#8221;#007C34&#8243; global_colors_info=&#8221;{}&#8221; sticky_enabled=&#8221;0&#8243;][et_pb_accordion_item title=&#8221;Czy je\u015bli mediuj\u0119 w sprawie podzia\u0142u maj\u0105tku dorobkowego ma\u0142\u017ce\u0144skiego, w kt\u00f3rego sk\u0142ad wchodzi nieruchomo\u015b\u0107, musz\u0119 ponosi\u0107 koszt wyceny przez rzeczoznawc\u0119 maj\u0105tkowego?&#8221; open=&#8221;on&#8221; _builder_version=&#8221;4.20.4&#8243; _module_preset=&#8221;default&#8221; hover_enabled=&#8221;0&#8243; global_colors_info=&#8221;{}&#8221; toggle_line_height=&#8221;1.3em&#8221; sticky_enabled=&#8221;0&#8243;]<\/p>\n<p>Wycena nieruchomo\u015bci przez rzeczoznawc\u0119 maj\u0105tkowego jest niezb\u0119dna tylko wtedy, gdy strony nie mog\u0105 si\u0119 porozumie\u0107, co do jej warto\u015bci lub gdy ustalona wsp\u00f3lnie warto\u015b\u0107 ra\u017c\u0105co odbiega od \u015bredniej rynkowej warto\u015bci danego typu nieruchomo\u015bci.<\/p>\n<p>Najprostszym rozwi\u0105zaniem, najcz\u0119\u015bciej stosowanym przez strony, jest przestudiowanie czasopism po\u015bwi\u0119conych sprzeda\u017cy nieruchomo\u015bci i por\u00f3wnanie w\u0142asnych oczekiwa\u0144 z propozycjami rynku. Innym jest skierowanie pytania do biura nieruchomo\u015bci. Wtedy ustalenie \u015bredniej warto\u015bci nie nastr\u0119cza trudno\u015bci stronom, sprowadza koszt wyceny do zera i oszcz\u0119dza czas.<\/p>\n<p>[\/et_pb_accordion_item][et_pb_accordion_item title=&#8221;Czy b\u0119d\u0119 p\u0142aci\u0142 podatek od nieruchomo\u015bci, je\u015bli j\u0105 nab\u0119d\u0119 w drodze zawarcia ugody przed mediatorem? &#8221; _builder_version=&#8221;4.20.4&#8243; _module_preset=&#8221;default&#8221; hover_enabled=&#8221;0&#8243; global_colors_info=&#8221;{}&#8221; open=&#8221;off&#8221; sticky_enabled=&#8221;0&#8243;]<\/p>\n<p>Nabycie w\u0142asno\u015bci nieruchomo\u015bci lub ich cz\u0119\u015bci na podstawie ugody lub orzeczenia jest wolne od podatk\u00f3w i op\u0142at z tym zwi\u0105zanych. (Dz.Ust. 167 z dnia 01.09.2005, poz. 1398)<\/p>\n<p>[\/et_pb_accordion_item][et_pb_accordion_item title=&#8221;Czy po zawarciu ugody przed mediatorem mog\u0119 uda\u0107 si\u0119 do ksi\u0105g wieczystych i prosi\u0107 o dokonanie zmiany w\u0142a\u015bciciela? &#8221; _builder_version=&#8221;4.20.4&#8243; _module_preset=&#8221;default&#8221; hover_enabled=&#8221;0&#8243; global_colors_info=&#8221;{}&#8221; open=&#8221;off&#8221; sticky_enabled=&#8221;0&#8243;]<\/p>\n<p>Prawodawca nie precyzuje jasno, jaki jest obowi\u0105zek stron co do nabytych w wyniku ugody nieruchomo\u015bci. Mo\u017ce si\u0119 zdarzy\u0107, \u017ce b\u0119dzie trzeba skorzysta\u0107 z us\u0142ug notariusza na podstawie ugody zawartej przed mediatorem i zatwierdzonej przez s\u0105d.<br \/>Czy jest to konieczne, okre\u015bli Wydzia\u0142 Ksi\u0105g Wieczystych. Wydzia\u0142 ten ma obowi\u0105zek uzna\u0107 ugod\u0119 zawart\u0105 przed mediatorem i zatwierdzon\u0105 przez s\u0105d i powinno to wystarczy\u0107 do wprowadzenia zmian w ksi\u0119dze wieczystej.<br \/>Ugoda zawarta przed mediatorem ma po jej zatwierdzeniu przez s\u0105d moc prawn\u0105 ugody zawartej przed s\u0105dem. (Dz. Ust. 172, z 2005 roku, poz. 1438)<\/p>\n<p>[\/et_pb_accordion_item][et_pb_accordion_item title=&#8221;K\u0142\u00f3cimy si\u0119 z rodzin\u0105 o spadek po babci. Ka\u017cdy uwa\u017ca, \u017ce jemu nale\u017cy si\u0119 wi\u0119ksza jego cz\u0119\u015b\u0107. Istnieje te\u017c brak porozumienia co do warto\u015bci tego maj\u0105tku. Czy w naszej sprawie mo\u017ce pom\u00f3c mediator? &#8221; _builder_version=&#8221;4.20.4&#8243; _module_preset=&#8221;default&#8221; hover_enabled=&#8221;0&#8243; global_colors_info=&#8221;{}&#8221; open=&#8221;off&#8221; sticky_enabled=&#8221;0&#8243;]<\/p>\n<p>Tak, je\u017celi wszystkie strony sporu wyra\u017c\u0105 zgod\u0119 na mediacj\u0119 w tej sprawie, wystarczy \u017ce jedna ze stron nawi\u0105\u017ce kontakt z mediatorem. Je\u015bli czuje si\u0119 na si\u0142ach, mo\u017ce te\u017c sama wcze\u015bniej odebra\u0107 pisemn\u0105 lub ustn\u0105 zgod\u0119 stron na przyst\u0105pienie do mediacji.<\/p>\n<p>Nale\u017cy by\u0107 \u015bwiadomym, \u017ce je\u017celi interesy stron s\u0105 sprzeczne ze sob\u0105 (wchodz\u0105 w kolizj\u0119), to wypracowana ugoda b\u0119dzie mia\u0142a charakter kompromisu, do kt\u00f3rego ka\u017cda ze stron musi by\u0107 gotowa.<\/p>\n<p>Je\u017celi interesy uzupe\u0142niaj\u0105 si\u0119, to pod pewnymi warunkami, w wyniku ugody ka\u017cda ze stron mo\u017ce uzyska\u0107 to, do czego d\u0105\u017cy.<\/p>\n<p>Je\u017celi interesy stron s\u0105 zr\u00f3\u017cnicowane pod wzgl\u0119dem hierarchii wa\u017cno\u015bci, wypracowanie ugody b\u0119dzie wymaga\u0142o uwzgl\u0119dnienia wzajemnych priorytet\u00f3w i preferencji.<\/p>\n<p>[\/et_pb_accordion_item][et_pb_accordion_item title=&#8221;Dlaczego mia\u0142bym\/mia\u0142abym zdecydowa\u0107 si\u0119 na podzia\u0142 maj\u0105tku przed mediatorem a nie przed s\u0105dem? &#8221; _builder_version=&#8221;4.20.4&#8243; _module_preset=&#8221;default&#8221; hover_enabled=&#8221;0&#8243; global_colors_info=&#8221;{}&#8221; open=&#8221;off&#8221; sticky_enabled=&#8221;0&#8243;]<\/p>\n<p>Mediacja cywilna pozwala na podzia\u0142 maj\u0105tku zgodny z wol\u0105 stron. Dzi\u0119ki obecno\u015bci neutralnego mediatora, byli ma\u0142\u017conkowie szybciej i efektywniej dochodz\u0105 do swoich potrzeb i znajduj\u0105 wykonalne i satysfakcjonuj\u0105ce obie strony rozwi\u0105zanie. Praktyka pokazuje, \u017ce porozumienie, kt\u00f3re ma\u0142\u017conkowie sami wypracuj\u0105 zostanie zrealizowane, gdy\u017c z za\u0142o\u017cenia jest zgodne z ich decyzj\u0105 i wol\u0105. Strony bardziej uto\u017csamiaj\u0105 si\u0119 z tre\u015bci\u0105 ugody sporz\u0105dzonej samodzielnie ni\u017c z decyzj\u0105 s\u0105du, kt\u00f3ra cz\u0119sto budzi z\u0142o\u015b\u0107 i \u017cal.<\/p>\n<p>Mediacja cywilna chroni strony przed eskalacj\u0105 konflikt\u00f3w w przysz\u0142o\u015bci. Ma to du\u017ce znaczenie, gdy rozstaj\u0105cy si\u0119 ma\u0142\u017conkowie maj\u0105 ma\u0142e dzieci i w przysz\u0142o\u015bci b\u0119d\u0105 kontaktowa\u0107 si\u0119 ze sob\u0105 ze wzgl\u0119du na nie.<\/p>\n<p>[\/et_pb_accordion_item][\/et_pb_accordion][\/et_pb_column][\/et_pb_row][\/et_pb_section][et_pb_section fb_built=&#8221;1&#8243; _builder_version=&#8221;4.20.4&#8243; _module_preset=&#8221;default&#8221; background_color=&#8221;#003D03&#8243; use_background_color_gradient=&#8221;on&#8221; background_color_gradient_direction=&#8221;90deg&#8221; background_color_gradient_stops=&#8221;#d0e7aa 0%|#007c34 22%|#033d03 52%&#8221; border_width_bottom=&#8221;2px&#8221; border_color_bottom=&#8221;#FFFFFF&#8221; global_colors_info=&#8221;{}&#8221;][et_pb_row column_structure=&#8221;1_4,1_4,1_4,1_4&#8243; use_custom_gutter=&#8221;on&#8221; gutter_width=&#8221;2&#8243; make_equal=&#8221;on&#8221; _builder_version=&#8221;4.20.4&#8243; _module_preset=&#8221;default&#8221; global_colors_info=&#8221;{}&#8221;][et_pb_column type=&#8221;1_4&#8243; _builder_version=&#8221;4.20.4&#8243; _module_preset=&#8221;default&#8221; border_width_all=&#8221;2px&#8221; border_color_all=&#8221;#A9834F&#8221; global_colors_info=&#8221;{}&#8221;][et_pb_blurb title=&#8221;MEDIACJE A PYTANIA OG\u00d3LNE&#8221; url=&#8221;#pytaniaogolne&#8221; use_icon=&#8221;on&#8221; font_icon=&#8221;&#xe102;||divi||400&#8243; icon_color=&#8221;#A9834F&#8221; image_icon_width=&#8221;61px&#8221; _builder_version=&#8221;4.20.4&#8243; _module_preset=&#8221;default&#8221; header_text_color=&#8221;#A9834F&#8221; body_text_color=&#8221;#FFFFFF&#8221; image_icon_custom_margin=&#8221;10px|10px|10px|10px|false|false&#8221; custom_padding=&#8221;20px|20px|20px|20px|true|true&#8221; global_colors_info=&#8221;{}&#8221;][\/et_pb_blurb][\/et_pb_column][et_pb_column type=&#8221;1_4&#8243; _builder_version=&#8221;4.20.4&#8243; _module_preset=&#8221;default&#8221; border_width_all=&#8221;2px&#8221; border_color_all=&#8221;#A9834F&#8221; global_colors_info=&#8221;{}&#8221;][et_pb_blurb title=&#8221;MEDIACJE A PODZIA\u0141 MAJ\u0104TKU&#8221; use_icon=&#8221;on&#8221; font_icon=&#8221;&#xf4c0;||fa||900&#8243; icon_color=&#8221;#A9834F&#8221; image_icon_width=&#8221;61px&#8221; _builder_version=&#8221;4.20.4&#8243; _module_preset=&#8221;default&#8221; header_text_color=&#8221;#A9834F&#8221; body_text_color=&#8221;#FFFFFF&#8221; image_icon_custom_margin=&#8221;10px|10px|10px|10px|false|false&#8221; custom_padding=&#8221;20px|20px|20px|20px|true|true&#8221; global_colors_info=&#8221;{}&#8221;][\/et_pb_blurb][\/et_pb_column][et_pb_column type=&#8221;1_4&#8243; _builder_version=&#8221;4.20.4&#8243; _module_preset=&#8221;default&#8221; border_width_all=&#8221;2px&#8221; border_color_all=&#8221;#A9834F&#8221; global_colors_info=&#8221;{}&#8221;][et_pb_blurb title=&#8221;MEDIACJE A SPRAWY RODZINNE&#8221; use_icon=&#8221;on&#8221; font_icon=&#8221;&#xf0c0;||fa||900&#8243; icon_color=&#8221;#A9834F&#8221; image_icon_width=&#8221;61px&#8221; _builder_version=&#8221;4.20.4&#8243; _module_preset=&#8221;default&#8221; header_text_color=&#8221;#A9834F&#8221; body_text_color=&#8221;#FFFFFF&#8221; image_icon_custom_margin=&#8221;10px|10px|10px|10px|false|false&#8221; custom_padding=&#8221;20px|20px|20px|20px|true|true&#8221; global_colors_info=&#8221;{}&#8221;][\/et_pb_blurb][\/et_pb_column][et_pb_column type=&#8221;1_4&#8243; _builder_version=&#8221;4.20.4&#8243; _module_preset=&#8221;default&#8221; border_width_all=&#8221;2px&#8221; border_color_all=&#8221;#A9834F&#8221; global_colors_info=&#8221;{}&#8221;][et_pb_blurb title=&#8221;MEDIACJE A SPORY GOSPODARCZE&#8221; use_icon=&#8221;on&#8221; font_icon=&#8221;&#xf275;||fa||900&#8243; icon_color=&#8221;#A9834F&#8221; image_icon_width=&#8221;61px&#8221; _builder_version=&#8221;4.20.4&#8243; _module_preset=&#8221;default&#8221; header_text_color=&#8221;#A9834F&#8221; body_text_color=&#8221;#FFFFFF&#8221; image_icon_custom_margin=&#8221;10px|10px|10px|10px|false|false&#8221; custom_padding=&#8221;20px|20px|20px|20px|true|true&#8221; global_colors_info=&#8221;{}&#8221;][\/et_pb_blurb][\/et_pb_column][\/et_pb_row][et_pb_row column_structure=&#8221;1_4,1_4,1_4,1_4&#8243; use_custom_gutter=&#8221;on&#8221; gutter_width=&#8221;2&#8243; make_equal=&#8221;on&#8221; _builder_version=&#8221;4.20.4&#8243; _module_preset=&#8221;default&#8221; global_colors_info=&#8221;{}&#8221;][et_pb_column type=&#8221;1_4&#8243; _builder_version=&#8221;4.20.4&#8243; _module_preset=&#8221;default&#8221; border_width_all=&#8221;2px&#8221; border_color_all=&#8221;#A9834F&#8221; global_colors_info=&#8221;{}&#8221;][et_pb_blurb title=&#8221;MEDIACJA A WINDYKACJA NALE\u017bNO\u015aCI&#8221; use_icon=&#8221;on&#8221; font_icon=&#8221;&#xe100;||divi||400&#8243; icon_color=&#8221;#A9834F&#8221; image_icon_width=&#8221;61px&#8221; _builder_version=&#8221;4.20.4&#8243; _module_preset=&#8221;default&#8221; header_text_color=&#8221;#A9834F&#8221; body_text_color=&#8221;#FFFFFF&#8221; image_icon_custom_margin=&#8221;10px|10px|10px|10px|false|false&#8221; custom_padding=&#8221;20px|20px|20px|20px|true|true&#8221; global_colors_info=&#8221;{}&#8221;][\/et_pb_blurb][\/et_pb_column][et_pb_column type=&#8221;1_4&#8243; _builder_version=&#8221;4.20.4&#8243; _module_preset=&#8221;default&#8221; border_width_all=&#8221;2px&#8221; border_color_all=&#8221;#A9834F&#8221; global_colors_info=&#8221;{}&#8221;][et_pb_blurb title=&#8221;MEDIACJE A WIELKIE KORPORACJE&#8221; use_icon=&#8221;on&#8221; font_icon=&#8221;&#xe0ef;||divi||400&#8243; icon_color=&#8221;#A9834F&#8221; image_icon_width=&#8221;61px&#8221; _builder_version=&#8221;4.20.4&#8243; _module_preset=&#8221;default&#8221; header_text_color=&#8221;#A9834F&#8221; body_text_color=&#8221;#FFFFFF&#8221; image_icon_custom_margin=&#8221;10px|10px|10px|10px|false|false&#8221; custom_padding=&#8221;20px|20px|20px|20px|true|true&#8221; global_colors_info=&#8221;{}&#8221;][\/et_pb_blurb][\/et_pb_column][et_pb_column type=&#8221;1_4&#8243; _builder_version=&#8221;4.20.4&#8243; _module_preset=&#8221;default&#8221; border_width_all=&#8221;2px&#8221; border_color_all=&#8221;#A9834F&#8221; global_colors_info=&#8221;{}&#8221;][et_pb_blurb title=&#8221;MEDIACJE A KOSZTY S\u0104DOWE&#8221; use_icon=&#8221;on&#8221; font_icon=&#8221;&#xe0ed;||divi||400&#8243; icon_color=&#8221;#A9834F&#8221; image_icon_width=&#8221;61px&#8221; _builder_version=&#8221;4.20.4&#8243; _module_preset=&#8221;default&#8221; header_text_color=&#8221;#A9834F&#8221; body_text_color=&#8221;#FFFFFF&#8221; image_icon_custom_margin=&#8221;10px|10px|10px|10px|false|false&#8221; custom_padding=&#8221;20px|20px|20px|20px|true|true&#8221; global_colors_info=&#8221;{}&#8221;][\/et_pb_blurb][\/et_pb_column][et_pb_column type=&#8221;1_4&#8243; _builder_version=&#8221;4.20.4&#8243; _module_preset=&#8221;default&#8221; border_width_all=&#8221;2px&#8221; border_color_all=&#8221;#A9834F&#8221; global_colors_info=&#8221;{}&#8221;][et_pb_blurb title=&#8221;MEDIACJE A SPRAWY KARNE&#8221; use_icon=&#8221;on&#8221; font_icon=&#8221;&#xf0e3;||fa||900&#8243; icon_color=&#8221;#A9834F&#8221; image_icon_width=&#8221;61px&#8221; _builder_version=&#8221;4.20.4&#8243; _module_preset=&#8221;default&#8221; header_text_color=&#8221;#A9834F&#8221; body_text_color=&#8221;#FFFFFF&#8221; image_icon_custom_margin=&#8221;10px|10px|10px|10px|false|false&#8221; custom_padding=&#8221;20px|20px|20px|20px|true|true&#8221; global_colors_info=&#8221;{}&#8221;][\/et_pb_blurb][\/et_pb_column][\/et_pb_row][\/et_pb_section]<\/p>\n","protected":false},"excerpt":{"rendered":"<p>Mediacja przy podziale maj\u0105tkuMediacja przy podziale maj\u0105tku:Wycena nieruchomo\u015bci przez rzeczoznawc\u0119 maj\u0105tkowego jest niezb\u0119dna tylko wtedy, gdy strony nie mog\u0105 si\u0119 porozumie\u0107, co do jej warto\u015bci lub gdy ustalona wsp\u00f3lnie warto\u015b\u0107 ra\u017c\u0105co odbiega od \u015bredniej rynkowej warto\u015bci danego typu nieruchomo\u015bci. Najprostszym rozwi\u0105zaniem, najcz\u0119\u015bciej stosowanym przez strony, jest przestudiowanie czasopism po\u015bwi\u0119conych sprzeda\u017cy nieruchomo\u015bci i por\u00f3wnanie w\u0142asnych oczekiwa\u0144 [&hellip;]<\/p>\n","protected":false},"author":1,"featured_media":0,"parent":0,"menu_order":0,"comment_status":"closed","ping_status":"closed","template":"","meta":{"_et_pb_use_builder":"on","_et_pb_old_content":"","_et_gb_content_width":"","footnotes":""},"class_list":["post-173","page","type-page","status-publish","hentry"],"_links":{"self":[{"href":"https:\/\/new.fedorowska.pl\/index.php\/wp-json\/wp\/v2\/pages\/173","targetHints":{"allow":["GET"]}}],"collection":[{"href":"https:\/\/new.fedorowska.pl\/index.php\/wp-json\/wp\/v2\/pages"}],"about":[{"href":"https:\/\/new.fedorowska.pl\/index.php\/wp-json\/wp\/v2\/types\/page"}],"author":[{"embeddable":true,"href":"https:\/\/new.fedorowska.pl\/index.php\/wp-json\/wp\/v2\/users\/1"}],"replies":[{"embeddable":true,"href":"https:\/\/new.fedorowska.pl\/index.php\/wp-json\/wp\/v2\/comments?post=173"}],"version-history":[{"count":6,"href":"https:\/\/new.fedorowska.pl\/index.php\/wp-json\/wp\/v2\/pages\/173\/revisions"}],"predecessor-version":[{"id":411,"href":"https:\/\/new.fedorowska.pl\/index.php\/wp-json\/wp\/v2\/pages\/173\/revisions\/411"}],"wp:attachment":[{"href":"https:\/\/new.fedorowska.pl\/index.php\/wp-json\/wp\/v2\/media?parent=173"}],"curies":[{"name":"wp","href":"https:\/\/api.w.org\/{rel}","templated":true}]}}